s b(-1) prime?
False
Suppose -4*i - p + 3*p = -735780, -5*p - 735768 = -4*i. Is i a prime number?
False
Let r(y) = 68*y + 4. Let m = 19 + -20. Let g be r(m). Let c = g - -186. Is c prime?
False
Is (105 + -110)*1642/(-10) composite?
False
Let y(k) = 2917*k - 513. Is y(26) a prime number?
True
Let k be 0 - (-2 + -2) - (-1 - 5558). Suppose -4*s - 8 = 4, k = b - 3*s. Is b composite?
True
Let o be 15/(-10)*((-1 - 48370) + 3). Suppose -2*d - o = -6*d - 4*y, -y = -3*d + 54434. Is d a composite number?
False
Let t = 2 + -10. Let x be t/(-40)*-2 - (-42)/5. Suppose x*w = w + 3353. Is w a prime number?
True
Suppose 3*x - x = -3*w + 10, 3*w = x - 5. Suppose -9*q + 4417 + 10496 = w. Is q a composite number?
False
Let w = 297 - -2242. Suppose -w + 10241 = g - 3*p, 3*g - 3*p = 23136. Is g composite?
False
Is (-452)/(-1243) - (-19510890)/22 composite?
False
Let m(w) = -w**3 + 94*w**2 - w - 375. Is m(88) composite?
True
Let p be 6/18 - (-2 - 6/9). Suppose -2*g = -p*g - 4*f + 246, -5*g + f + 1272 = 0. Is g a prime number?
False
Let m = -66934 + 100953. Is m a prime number?
True
Let a(n) be the first derivative of n**3 + 13*n**2/2 - 11*n - 1. Let g = 3501 - 3491. Is a(g) prime?
True
Is 2594/6*(-370)/(-40)*12 composite?
True
Suppose -16 = -748*v + 752*v, -5*v + 112441 = 3*z. Is z composite?
True
Suppose t + m - 701458 = -97444, 5*t - 4*m - 3020025 = 0. Is t composite?
True
Let p be (-1)/(-2) + 828/(-72). Let v(n) = -341*n - 42. Is v(p) a prime number?
True
Let d(j) = 3*j**3 - j**2 - j + 1. Let n be d(1). Suppose -18 = n*r + 34. Is 57070/r*2/(-5) a composite number?
True
Is ((-20)/(-3))/(-5)*(-33201627)/92 prime?
False
Is (-6*(-32)/768)/((-2)/(-186488)*1) composite?
False
Suppose 4*t + 5*s = 4*s - 113, -3*s = 3*t + 96. Let v = t - -27. Suppose 7*l + 9*l - 17552 = v. Is l a composite number?
False
Suppose -242*t + 53739085 = 23*t. Is t composite?
True
Suppose 12*v = 220 - 76. Suppose -v*r + 4739 = -5*r. Is r a prime number?
True
Let c = -69 - -28. Let x = c - -47. Suppose -x*s - s = -399. Is s a prime number?
False
Suppose 0*v - 18 = -s - 4*v, 0 = 4*s + v - 27. Is 5 + (28 + -1489)*s*-3 prime?
False
Suppose -u = w - 75, -4*u = -0 + 4. Suppose w*c - 74*c - 36155 = -3*a, 60265 = 5*a + 2*c. Is a a prime number?
False
Let o = 164804 - -248293. Is o composite?
True
Let c(t) = 40*t**3 + 4*t**2 - 5*t - 25. Suppose 57*u - 64 = 49*u. Is c(u) prime?
False
Is (206810 - -4)*4/24 a prime number?
True
Let q = 119 + -115. Let y be 10/(-15)*6 - q. Is (-2 - (-657)/12)/(y/(-32)) a prime number?
True
Let a = -617 - -658. Suppose a*r + 133026 = 47*r. Is r prime?
True
Suppose -535328 = -94*m + 216014. Is m a composite number?
False
Let c(p) = p**2 - 3*p + 3. Let b be c(3). Let w(f) = 1 - 12*f - b*f - 7*f - 2. Is w(-3) a prime number?
False
Let l = -62306 - -160311. Suppose -l = -5*v - 31440. Is v a composite number?
False
Let y = 288496 - -168990. Suppose -51*p = 8*p - y. Is p a prime number?
False
Suppose 0 = -5*l + 535*x - 537*x + 2420759, -5*l - 5*x + 2420765 = 0. Is l a prime number?
True
Suppose 3*w - 3*c = 136776, -4*c - 56628 = -w - 11039. Is w a prime number?
False
Suppose -9*j - u = -92217, 4*j - 40970 = -3*u - 0*u. Is j a prime number?
True
Let t(k) = 1714*k**2 + 40*k + 13. Is t(12) a prime number?
True
Let u(i) = -1585*i + 127. Let r(o) = -1582*o + 127. Let n(f) = -4*r(f) + 3*u(f). Is n(6) composite?
False
Let k be 12/(-14)*13/(468/(-840)). Suppose -11*z + k*z = 2115. Is z a prime number?
False
Let m be (-7)/((-154)/136) - 14/77. Let s(q) = 138*q + 83. Is s(m) a composite number?
False
Let v = -43761 + 64070. Is v prime?
False
Suppose -12*w = -52*w + 388760. Is w composite?
False
Suppose -d + 544443 = 185*m - 181*m, 5*m - 680560 = 5*d. Is m composite?
False
Suppose 3*p + 4*f - 109 + 45 = 0, -4*p = -4*f - 48. Suppose 0 = -16*t + 18*t - p. Suppose 0 = t*u - 6*u - 5006. Is u a prime number?
True
Suppose -12*q = -4*q + 320. Let p = q + 40. Is (193 - (3 - p)) + 1 a prime number?
True
Suppose -p - 18424 = -5*p. Let a = p - 3212. Suppose j - a = -j. Is j prime?
False
Let y(p) = -62 + 3*p - 3*p**2 - 3*p + 63 - 4712*p**3 - 3*p. Is y(-2) a composite number?
False
Suppose 211 = 10*d + 21. Suppose 18*b = d*b - 34769. Is b composite?
True
Let r = 46845 - 21544. Is r a prime number?
True
Let v(r) be the second derivative of 5*r**3/6 + 17*r**2 + 31*r. Let a be v(-6). Is (a/4 + -2)/(2/(-2234)) composite?
False
Let c(y) = 1379*y**3 + 2*y**2 + 31*y + 55. Let a be c(-2). Is (-14 - a) + 4/(-2) a composite number?
True
Suppose -1088*b + 23116 = -1086*b. Is b prime?
False
Let p(u) = u**2 + 4*u - 7. Let o be p(-6). Suppose -o*j - 13 = -48. Let a(r) = 10*r**2 + 10*r - 3. Is a(j) a prime number?
True
Let n(s) = s**3 - 7*s**2 - s + 11. Let r be n(7). Suppose r*z - 2*u = -7*u - 2912, 4*z - 3*u = -2944. Let i = z + 2786. Is i a composite number?
False
Suppose 0 = 4*k + k + 4*c, -3*k = -c. Suppose k = 8*f - 49 - 191. Suppose f*z - 12631 = 13*z. Is z a prime number?
True
Suppose 37*w - 9 = 34*w. Is w*((-134790)/18)/(-5) composite?
False
Let y be (-1 + 3)/(18/63). Is (y/(-2))/((-24)/336) a prime number?
False
Let z(l) = -98*l - 127. Let g be z(-25). Suppose -10*s = -6387 - g. Is s a prime number?
False
Let x be ((-3465)/(-135))/(1/(16 + 2)). Let w(k) = 22*k + 1. Let s be w(1). Suppose -x = -29*o + s*o. Is o prime?
False
Suppose -1536237 = -4*v - 5*u, v + 81*u - 80*u - 384058 = 0. Is v a composite number?
True
Suppose -4*o - 87105 = -5*f, -2136*f - o - 17422 = -2137*f. Is f composite?
False
Let a = -4442 - -6325. Suppose 0 = -72*y + 73*y - a. Is y a composite number?
True
Let g = -130 - -38565. Is g a composite number?
True
Let q(j) = -j**2 - j + 12. Let h be q(-4). Suppose 30*l - 19*l - 26345 = h. Is l composite?
True
Let k = -238 - -243. Suppose -2*b = 5*h - 27849, k*h + 5*b - 11148 = 3*h. Is h prime?
True
Let n be 12/(-9) + (-186965)/(-15). Suppose -5*a - 3073 = -n. Let q = 3337 - a. Is q composite?
False
Let z = -130 - -132. Let q(s) = 87*s**3 + s**2 + 4*s - 5. Is q(z) prime?
False
Let p be (-962)/6 - ((-60)/18 - -3). Let w = p - -54. Let b = -41 - w. Is b a prime number?
False
Let j(t) = 11 + 208*t + 9 - 210*t. Let x be j(9). Suppose 4*s - 2562 = -2*o, 2*o - 3*s - 2567 = -x*s. Is o a composite number?
False
Let b = 39 + -19. Is (4/10)/(b/15350) a prime number?
True
Suppose -1398 = m - 1390. Let r(i) = -17*i**3 + 6*i**2 - 9*i - 17. Is r(m) a composite number?
True
Let x = 984179 + -273842. Is x a prime number?
False
Let o(x) = x**3 + 2*x**2 - x + 1277. Let r(n) = 3 - 2*n - 25*n**2 + n**3 + 27*n**2 - 2*n**3 + 1. Let f be r(2). Is o(f) a composite number?
False
Let u(v) = v**2 + 3*v - 2. Let b(g) = -g + 7. Let x be b(7). Let s be u(x). Is s/(-6) + 5268/18 a composite number?
False
Suppose 4*n - 23086420 = -k, -2*k = n - 972945 - 4798674. Is n composite?
False
Suppose 0 = h - h - 4*h. Suppose -5*g + 469 + 96 = h. Is g a composite number?
False
Let u be ((-4)/5)/(20/(-50)). Suppose 2*y - u*c + 5*c - 6529 = 0, 4*y + 5*c - 13061 = 0. Is y prime?
False
Suppose 2*s - 29 = l, -5*s + l + 46 = -19. Suppose -19*b = s*b - 7781. Is b composite?
False
Suppose 84*o - 4 = 82*o. Suppose -5*i = -o*k - 2*k + 11422, -i + 11434 = 4*k. Is k a composite number?
True
Let u(v) = -14*v - 3. Let g be u(4). Let n(y) = 2*y**3 - 4*y**2 - 2*y - 8. Let q be n(-3). Let f = g - q. Is f composite?
True
Let y(r) = 111*r**3 + 56*r**2 - 10*r + 5. Is y(12) composite?
True
Suppose 5*b - o - 1107446 = 0, -46*b - 221490 = -47*b + o. Is b a composite number?
False
Let x be (-3384887)/161 - (-1)/7. Let w = x + 47929. Is w a prime number?
False
Let t(q) = q**2 - 631*q + 229583. Is t(0) a prime number?
True
Let w(d) = d**3 - 11*d**2 + 9*d + 21. Let s be w(10). Suppose s*a = 11 + 11. Is 22120/24 + (8/(-6))/a prime?
False
Let d = 13 - 21. Is (2605/3)/(d + (-150)/(-18)) a prime number?
False
Let h = -13 + 21. Let x(p) = 2*p + h*p + 32*p**2 - 19 - 2*p**2 + 15*p**2. Is x(6) prime?
False
Suppose -4*d + 362671 = -5*u, -4*d + 221*u + 362681 = 226*u. Is d composite?
True
Let p(s) be the second derivative of -s**5/20 + 13*s**4/6 + 37*s**3/6 - 9*s**2/2 - 137*s. Is p(25) a composite number?
True
Let y(a) = -573*a + 7. Suppose -t + 3 = 5. Let k be y(t). Let c = 2304 - k. Is c a prime number?
True
Is (-6 - -7)/(-4) + 2108099/28 prime?
True
Suppose 3*b + 2*d 